{"id":1859,"date":"2025-09-04T12:58:15","date_gmt":"2025-09-04T10:58:15","guid":{"rendered":"https:\/\/hecate-energie-magie.com\/?post_type=product&#038;p=1859"},"modified":"2026-02-24T15:35:21","modified_gmt":"2026-02-24T14:35:21","slug":"encens-hem-myrrhe","status":"publish","type":"product","link":"https:\/\/hecate-energie-magie.com\/index.php\/produit\/encens-hem-myrrhe\/","title":{"rendered":"Encens HEM Myrrhe"},"content":{"rendered":"<h1 style=\"text-align: center;\"><span style=\"font-size: 34px;\"><strong>Encens hem\u00a0 Myrrhe<\/strong><\/span><\/h1>\n<p style=\"text-align: center;\"><span style=\"font-family: Carattere; font-size: 30px;\"><span style=\"vertical-align: inherit;\"><span style=\"vertical-align: inherit;\">L&rsquo;encens hem Myrrhe est id\u00e9al pour la relaxation et la m\u00e9ditation gr\u00e2ce \u00e0 ses puissantes vertus apaisantes.<\/span><\/span><\/span><\/p>\n<p style=\"text-align: center;\"><span style=\"font-size: 30px; font-family: Carattere;\">Apaise les angoisses et repose l&rsquo;esprit.<\/span><\/p>\n<p style=\"text-align: center;\"><span style=\"font-size: 30px; font-family: Carattere;\">Purifie et parfume votre int\u00e9rieur, harmonise les \u00e9nergies.<\/span><\/p>\n<p>&nbsp;<\/p>\n<p><span style=\"font-size: 30px;\"><span style=\"font-family: Carattere;\">Pour allumer le b\u00e2ton, il vous suffit d&rsquo;allumer une extr\u00e9mit\u00e9. Une fois que quelques flammes apparaissent, agitez le b\u00e2ton en l&rsquo;air pour \u00e9teindre les flammes. <\/span><span style=\"font-family: Carattere;\">La braise d\u00e9gagera alors de la fum\u00e9e. Il vous faudra \u00e9galement un r\u00e9cipient type <a href=\"https:\/\/hecate-energie-magie.com\/index.php\/produit\/porte-encens\/\"><strong>porte encens<\/strong><\/a> pour poser le b\u00e2ton, en d\u00e9gager la cendre et surtout l&rsquo;\u00e9teindre.<\/span><\/span><\/p>\n<p>&nbsp;<\/p>\n<p><span style=\"font-size: 24px; font-family: Carattere;\"><strong>Certains de nos produits doivent \u00eatre manipul\u00e9s avec pr\u00e9caution et peuvent se r\u00e9v\u00e9ler dangereux s\u2019ils ne sont pas utilis\u00e9s correctement.<br \/>\nVous trouverez ci-dessous quelques pr\u00e9cautions d\u2019utilisations.<\/strong><\/span><\/p>\n<ul>\n<li><span style=\"font-size: 24px; font-family: Carattere;\">Ne jamais laisser la bougie ou l&rsquo;encens allum\u00e9e sans surveillance.<\/span><\/li>\n<li><span style=\"font-size: 24px; font-family: Carattere;\">Ne pas avaler.<\/span><\/li>\n<li><span style=\"font-size: 24px; font-family: Carattere;\">Tenir hors de port\u00e9e des enfants et des animaux.<\/span><\/li>\n<li><span style=\"font-size: 24px; font-family: Carattere;\">Ne jamais placer la bougie ou l&rsquo;encens sur des appareils \u00e9lectroniques ou pr\u00e8s d\u2019une source de chaleur.<\/span><\/li>\n<li><span style=\"font-size: 24px; font-family: Carattere;\">Faites uniquement br\u00fbler votre encens dans une pi\u00e8ce \u00e9quip\u00e9e d\u2019une fen\u00eatre afin de pouvoir a\u00e9rer la pi\u00e8ce.<\/span><\/li>\n<li><span style=\"font-size: 24px; font-family: Carattere;\">Les morceaux d\u2019encens se d\u00e9tachent au fur et \u00e0 mesure de la combustion, il convient de placer ces encens sur des r\u00e9cipients adapt\u00e9s (<strong><a href=\"https:\/\/hecate-energie-magie.com\/index.php\/produit\/porte-encens\/\">porte encens<\/a><\/strong>) qui vous permettront de tenir le b\u00e2tonnet mais aussi de r\u00e9cup\u00e9rer la cendre.<\/span><\/li>\n<\/ul>\n","protected":false},"excerpt":{"rendered":"<p><span style=\"font-family: Carattere; font-size: 30px;\">Encens hem Myrrhe<\/span><\/p>\n<p><span style=\"font-family: Carattere; font-size: 30px;\"><span style=\"vertical-align: inherit;\"><span style=\"vertical-align: inherit;\">1 paquet de 20 b\u00e2tonnets environ.<\/span><\/span><\/span><\/p>\n<p><span style=\"font-family: Carattere; font-size: 30px;\">Provenance Inde.<\/span><\/p>\n","protected":false},"featured_media":1861,"comment_status":"open","ping_status":"closed","template":"","meta":[],"product_brand":[],"product_cat":[70],"product_tag":[55,191,60,193,39,61],"class_list":{"0":"post-1859","1":"product","2":"type-product","3":"status-publish","4":"has-post-thumbnail","6":"product_cat-encens","7":"product_tag-encens","8":"product_tag-hem","9":"product_tag-meditation","10":"product_tag-myrrhe","11":"product_tag-purification","12":"product_tag-relaxation","14":"first","15":"instock","16":"shipping-taxable","17":"purchasable","18":"product-type-simple"},"yoast_head":"<!-- This site is optimized with the Yoast SEO plugin v27.3 - https:\/\/yoast.com\/product\/yoast-seo-wordpress\/ -->\n<title>Encens HEM Myrrhe - H\u00e9cate Energie et Magie<\/title>\n<meta name=\"description\" content=\"L&#039;encens HEM &quot;Saint Miguel&quot; est con\u00e7u pour \u00eatre utilis\u00e9 lors de rituels, de pri\u00e8res ou de m\u00e9ditations d\u00e9di\u00e9s \u00e0 l&#039;archange Saint Michel. Saint Michel est souvent consid\u00e9r\u00e9 comme un protecteur, un d\u00e9fenseur et un guide spirituel dans diverses traditions religieuses. Cet encens est con\u00e7u pour \u00e9voquer des sentiments de protection, de force et de connexion spirituelle. &quot;Saint Michel&quot; est souvent invoqu\u00e9 pour sa protection. L&#039;encens peut \u00eatre destin\u00e9 \u00e0 purifier l&#039;environnement, \u00e0 \u00e9loigner les \u00e9nergies n\u00e9gatives et \u00e0 renforcer la pr\u00e9sence d&#039;\u00e9nergies positives.\u00a0\" \/>\n<meta name=\"robots\" content=\"index, follow, max-snippet:-1, max-image-preview:large, max-video-preview:-1\" \/>\n<link rel=\"canonical\" href=\"https:\/\/hecate-energie-magie.com\/index.php\/produit\/encens-hem-myrrhe\/\" \/>\n<meta property=\"og:locale\" content=\"fr_FR\" \/>\n<meta property=\"og:type\" content=\"article\" \/>\n<meta property=\"og:title\" content=\"Encens HEM Myrrhe - H\u00e9cate Energie et Magie\" \/>\n<meta property=\"og:description\" content=\"L&#039;encens HEM &quot;Saint Miguel&quot; est con\u00e7u pour \u00eatre utilis\u00e9 lors de rituels, de pri\u00e8res ou de m\u00e9ditations d\u00e9di\u00e9s \u00e0 l&#039;archange Saint Michel. Saint Michel est souvent consid\u00e9r\u00e9 comme un protecteur, un d\u00e9fenseur et un guide spirituel dans diverses traditions religieuses. Cet encens est con\u00e7u pour \u00e9voquer des sentiments de protection, de force et de connexion spirituelle. &quot;Saint Michel&quot; est souvent invoqu\u00e9 pour sa protection. L&#039;encens peut \u00eatre destin\u00e9 \u00e0 purifier l&#039;environnement, \u00e0 \u00e9loigner les \u00e9nergies n\u00e9gatives et \u00e0 renforcer la pr\u00e9sence d&#039;\u00e9nergies positives.\u00a0\" \/>\n<meta property=\"og:url\" content=\"https:\/\/hecate-energie-magie.com\/index.php\/produit\/encens-hem-myrrhe\/\" \/>\n<meta property=\"og:site_name\" content=\"H\u00e9cate Energie et Magie\" \/>\n<meta property=\"article:publisher\" content=\"https:\/\/www.facebook.com\/profile.php?id=61557502523365\" \/>\n<meta property=\"article:modified_time\" content=\"2026-02-24T14:35:21+00:00\" \/>\n<meta property=\"og:image\" content=\"https:\/\/hecate-energie-magie.com\/wp-content\/uploads\/2025\/09\/IMG_20250831_160415-scaled.jpg\" \/>\n\t<meta property=\"og:image:width\" content=\"1694\" \/>\n\t<meta property=\"og:image:height\" content=\"2560\" \/>\n\t<meta property=\"og:image:type\" content=\"image\/jpeg\" \/>\n<meta name=\"twitter:card\" content=\"summary_large_image\" \/>\n<meta name=\"twitter:label1\" content=\"Dur\u00e9e de lecture estim\u00e9e\" \/>\n\t<meta name=\"twitter:data1\" content=\"2 minutes\" \/>\n<script type=\"application\/ld+json\" class=\"yoast-schema-graph\">{\"@context\":\"https:\\\/\\\/schema.org\",\"@graph\":[{\"@type\":\"WebPage\",\"@id\":\"https:\\\/\\\/hecate-energie-magie.com\\\/index.php\\\/produit\\\/encens-hem-myrrhe\\\/\",\"url\":\"https:\\\/\\\/hecate-energie-magie.com\\\/index.php\\\/produit\\\/encens-hem-myrrhe\\\/\",\"name\":\"Encens HEM Myrrhe - H\u00e9cate Energie et Magie\",\"isPartOf\":{\"@id\":\"https:\\\/\\\/hecate-energie-magie.com\\\/#website\"},\"primaryImageOfPage\":{\"@id\":\"https:\\\/\\\/hecate-energie-magie.com\\\/index.php\\\/produit\\\/encens-hem-myrrhe\\\/#primaryimage\"},\"image\":{\"@id\":\"https:\\\/\\\/hecate-energie-magie.com\\\/index.php\\\/produit\\\/encens-hem-myrrhe\\\/#primaryimage\"},\"thumbnailUrl\":\"https:\\\/\\\/i0.wp.com\\\/hecate-energie-magie.com\\\/wp-content\\\/uploads\\\/2025\\\/09\\\/IMG_20250831_160415-scaled.jpg?fit=1694%2C2560&ssl=1\",\"datePublished\":\"2025-09-04T10:58:15+00:00\",\"dateModified\":\"2026-02-24T14:35:21+00:00\",\"description\":\"L'encens HEM \\\"Saint Miguel\\\" est con\u00e7u pour \u00eatre utilis\u00e9 lors de rituels, de pri\u00e8res ou de m\u00e9ditations d\u00e9di\u00e9s \u00e0 l'archange Saint Michel. Saint Michel est souvent consid\u00e9r\u00e9 comme un protecteur, un d\u00e9fenseur et un guide spirituel dans diverses traditions religieuses. Cet encens est con\u00e7u pour \u00e9voquer des sentiments de protection, de force et de connexion spirituelle. \\\"Saint Michel\\\" est souvent invoqu\u00e9 pour sa protection. L'encens peut \u00eatre destin\u00e9 \u00e0 purifier l'environnement, \u00e0 \u00e9loigner les \u00e9nergies n\u00e9gatives et \u00e0 renforcer la pr\u00e9sence d'\u00e9nergies positives.\u00a0\",\"breadcrumb\":{\"@id\":\"https:\\\/\\\/hecate-energie-magie.com\\\/index.php\\\/produit\\\/encens-hem-myrrhe\\\/#breadcrumb\"},\"inLanguage\":\"fr-FR\",\"potentialAction\":[{\"@type\":\"ReadAction\",\"target\":[\"https:\\\/\\\/hecate-energie-magie.com\\\/index.php\\\/produit\\\/encens-hem-myrrhe\\\/\"]}]},{\"@type\":\"ImageObject\",\"inLanguage\":\"fr-FR\",\"@id\":\"https:\\\/\\\/hecate-energie-magie.com\\\/index.php\\\/produit\\\/encens-hem-myrrhe\\\/#primaryimage\",\"url\":\"https:\\\/\\\/i0.wp.com\\\/hecate-energie-magie.com\\\/wp-content\\\/uploads\\\/2025\\\/09\\\/IMG_20250831_160415-scaled.jpg?fit=1694%2C2560&ssl=1\",\"contentUrl\":\"https:\\\/\\\/i0.wp.com\\\/hecate-energie-magie.com\\\/wp-content\\\/uploads\\\/2025\\\/09\\\/IMG_20250831_160415-scaled.jpg?fit=1694%2C2560&ssl=1\",\"width\":1694,\"height\":2560,\"caption\":\"Encens HEM Myrrhe\"},{\"@type\":\"BreadcrumbList\",\"@id\":\"https:\\\/\\\/hecate-energie-magie.com\\\/index.php\\\/produit\\\/encens-hem-myrrhe\\\/#breadcrumb\",\"itemListElement\":[{\"@type\":\"ListItem\",\"position\":1,\"name\":\"Accueil\",\"item\":\"https:\\\/\\\/hecate-energie-magie.com\\\/\"},{\"@type\":\"ListItem\",\"position\":2,\"name\":\"Boutique\",\"item\":\"https:\\\/\\\/hecate-energie-magie.com\\\/index.php\\\/boutique\\\/\"},{\"@type\":\"ListItem\",\"position\":3,\"name\":\"Encens HEM Myrrhe\"}]},{\"@type\":\"WebSite\",\"@id\":\"https:\\\/\\\/hecate-energie-magie.com\\\/#website\",\"url\":\"https:\\\/\\\/hecate-energie-magie.com\\\/\",\"name\":\"H\u00e9cate Energie et Magie\",\"description\":\"H\u00e9cate Energie et Magie\",\"publisher\":{\"@id\":\"https:\\\/\\\/hecate-energie-magie.com\\\/#organization\"},\"potentialAction\":[{\"@type\":\"SearchAction\",\"target\":{\"@type\":\"EntryPoint\",\"urlTemplate\":\"https:\\\/\\\/hecate-energie-magie.com\\\/?s={search_term_string}\"},\"query-input\":{\"@type\":\"PropertyValueSpecification\",\"valueRequired\":true,\"valueName\":\"search_term_string\"}}],\"inLanguage\":\"fr-FR\"},{\"@type\":\"Organization\",\"@id\":\"https:\\\/\\\/hecate-energie-magie.com\\\/#organization\",\"name\":\"H\u00e9cate Energie et Magie\",\"url\":\"https:\\\/\\\/hecate-energie-magie.com\\\/\",\"logo\":{\"@type\":\"ImageObject\",\"inLanguage\":\"fr-FR\",\"@id\":\"https:\\\/\\\/hecate-energie-magie.com\\\/#\\\/schema\\\/logo\\\/image\\\/\",\"url\":\"https:\\\/\\\/i0.wp.com\\\/hecate-energie-magie.com\\\/wp-content\\\/uploads\\\/2024\\\/09\\\/cropped-LOGO-HECATE.png?fit=500%2C500&ssl=1\",\"contentUrl\":\"https:\\\/\\\/i0.wp.com\\\/hecate-energie-magie.com\\\/wp-content\\\/uploads\\\/2024\\\/09\\\/cropped-LOGO-HECATE.png?fit=500%2C500&ssl=1\",\"width\":500,\"height\":500,\"caption\":\"H\u00e9cate Energie et Magie\"},\"image\":{\"@id\":\"https:\\\/\\\/hecate-energie-magie.com\\\/#\\\/schema\\\/logo\\\/image\\\/\"},\"sameAs\":[\"https:\\\/\\\/www.facebook.com\\\/profile.php?id=61557502523365\"]}]}<\/script>\n<!-- \/ Yoast SEO plugin. -->","yoast_head_json":{"title":"Encens HEM Myrrhe - H\u00e9cate Energie et Magie","description":"L'encens HEM \"Saint Miguel\" est con\u00e7u pour \u00eatre utilis\u00e9 lors de rituels, de pri\u00e8res ou de m\u00e9ditations d\u00e9di\u00e9s \u00e0 l'archange Saint Michel. Saint Michel est souvent consid\u00e9r\u00e9 comme un protecteur, un d\u00e9fenseur et un guide spirituel dans diverses traditions religieuses. Cet encens est con\u00e7u pour \u00e9voquer des sentiments de protection, de force et de connexion spirituelle. \"Saint Michel\" est souvent invoqu\u00e9 pour sa protection. L'encens peut \u00eatre destin\u00e9 \u00e0 purifier l'environnement, \u00e0 \u00e9loigner les \u00e9nergies n\u00e9gatives et \u00e0 renforcer la pr\u00e9sence d'\u00e9nergies positives.\u00a0","robots":{"index":"index","follow":"follow","max-snippet":"max-snippet:-1","max-image-preview":"max-image-preview:large","max-video-preview":"max-video-preview:-1"},"canonical":"https:\/\/hecate-energie-magie.com\/index.php\/produit\/encens-hem-myrrhe\/","og_locale":"fr_FR","og_type":"article","og_title":"Encens HEM Myrrhe - H\u00e9cate Energie et Magie","og_description":"L'encens HEM \"Saint Miguel\" est con\u00e7u pour \u00eatre utilis\u00e9 lors de rituels, de pri\u00e8res ou de m\u00e9ditations d\u00e9di\u00e9s \u00e0 l'archange Saint Michel. Saint Michel est souvent consid\u00e9r\u00e9 comme un protecteur, un d\u00e9fenseur et un guide spirituel dans diverses traditions religieuses. Cet encens est con\u00e7u pour \u00e9voquer des sentiments de protection, de force et de connexion spirituelle. \"Saint Michel\" est souvent invoqu\u00e9 pour sa protection. L'encens peut \u00eatre destin\u00e9 \u00e0 purifier l'environnement, \u00e0 \u00e9loigner les \u00e9nergies n\u00e9gatives et \u00e0 renforcer la pr\u00e9sence d'\u00e9nergies positives.\u00a0","og_url":"https:\/\/hecate-energie-magie.com\/index.php\/produit\/encens-hem-myrrhe\/","og_site_name":"H\u00e9cate Energie et Magie","article_publisher":"https:\/\/www.facebook.com\/profile.php?id=61557502523365","article_modified_time":"2026-02-24T14:35:21+00:00","og_image":[{"width":1694,"height":2560,"url":"https:\/\/hecate-energie-magie.com\/wp-content\/uploads\/2025\/09\/IMG_20250831_160415-scaled.jpg","type":"image\/jpeg"}],"twitter_card":"summary_large_image","twitter_misc":{"Dur\u00e9e de lecture estim\u00e9e":"2 minutes"},"schema":{"@context":"https:\/\/schema.org","@graph":[{"@type":"WebPage","@id":"https:\/\/hecate-energie-magie.com\/index.php\/produit\/encens-hem-myrrhe\/","url":"https:\/\/hecate-energie-magie.com\/index.php\/produit\/encens-hem-myrrhe\/","name":"Encens HEM Myrrhe - H\u00e9cate Energie et Magie","isPartOf":{"@id":"https:\/\/hecate-energie-magie.com\/#website"},"primaryImageOfPage":{"@id":"https:\/\/hecate-energie-magie.com\/index.php\/produit\/encens-hem-myrrhe\/#primaryimage"},"image":{"@id":"https:\/\/hecate-energie-magie.com\/index.php\/produit\/encens-hem-myrrhe\/#primaryimage"},"thumbnailUrl":"https:\/\/i0.wp.com\/hecate-energie-magie.com\/wp-content\/uploads\/2025\/09\/IMG_20250831_160415-scaled.jpg?fit=1694%2C2560&ssl=1","datePublished":"2025-09-04T10:58:15+00:00","dateModified":"2026-02-24T14:35:21+00:00","description":"L'encens HEM \"Saint Miguel\" est con\u00e7u pour \u00eatre utilis\u00e9 lors de rituels, de pri\u00e8res ou de m\u00e9ditations d\u00e9di\u00e9s \u00e0 l'archange Saint Michel. Saint Michel est souvent consid\u00e9r\u00e9 comme un protecteur, un d\u00e9fenseur et un guide spirituel dans diverses traditions religieuses. Cet encens est con\u00e7u pour \u00e9voquer des sentiments de protection, de force et de connexion spirituelle. \"Saint Michel\" est souvent invoqu\u00e9 pour sa protection. L'encens peut \u00eatre destin\u00e9 \u00e0 purifier l'environnement, \u00e0 \u00e9loigner les \u00e9nergies n\u00e9gatives et \u00e0 renforcer la pr\u00e9sence d'\u00e9nergies positives.\u00a0","breadcrumb":{"@id":"https:\/\/hecate-energie-magie.com\/index.php\/produit\/encens-hem-myrrhe\/#breadcrumb"},"inLanguage":"fr-FR","potentialAction":[{"@type":"ReadAction","target":["https:\/\/hecate-energie-magie.com\/index.php\/produit\/encens-hem-myrrhe\/"]}]},{"@type":"ImageObject","inLanguage":"fr-FR","@id":"https:\/\/hecate-energie-magie.com\/index.php\/produit\/encens-hem-myrrhe\/#primaryimage","url":"https:\/\/i0.wp.com\/hecate-energie-magie.com\/wp-content\/uploads\/2025\/09\/IMG_20250831_160415-scaled.jpg?fit=1694%2C2560&ssl=1","contentUrl":"https:\/\/i0.wp.com\/hecate-energie-magie.com\/wp-content\/uploads\/2025\/09\/IMG_20250831_160415-scaled.jpg?fit=1694%2C2560&ssl=1","width":1694,"height":2560,"caption":"Encens HEM Myrrhe"},{"@type":"BreadcrumbList","@id":"https:\/\/hecate-energie-magie.com\/index.php\/produit\/encens-hem-myrrhe\/#breadcrumb","itemListElement":[{"@type":"ListItem","position":1,"name":"Accueil","item":"https:\/\/hecate-energie-magie.com\/"},{"@type":"ListItem","position":2,"name":"Boutique","item":"https:\/\/hecate-energie-magie.com\/index.php\/boutique\/"},{"@type":"ListItem","position":3,"name":"Encens HEM Myrrhe"}]},{"@type":"WebSite","@id":"https:\/\/hecate-energie-magie.com\/#website","url":"https:\/\/hecate-energie-magie.com\/","name":"H\u00e9cate Energie et Magie","description":"H\u00e9cate Energie et Magie","publisher":{"@id":"https:\/\/hecate-energie-magie.com\/#organization"},"potentialAction":[{"@type":"SearchAction","target":{"@type":"EntryPoint","urlTemplate":"https:\/\/hecate-energie-magie.com\/?s={search_term_string}"},"query-input":{"@type":"PropertyValueSpecification","valueRequired":true,"valueName":"search_term_string"}}],"inLanguage":"fr-FR"},{"@type":"Organization","@id":"https:\/\/hecate-energie-magie.com\/#organization","name":"H\u00e9cate Energie et Magie","url":"https:\/\/hecate-energie-magie.com\/","logo":{"@type":"ImageObject","inLanguage":"fr-FR","@id":"https:\/\/hecate-energie-magie.com\/#\/schema\/logo\/image\/","url":"https:\/\/i0.wp.com\/hecate-energie-magie.com\/wp-content\/uploads\/2024\/09\/cropped-LOGO-HECATE.png?fit=500%2C500&ssl=1","contentUrl":"https:\/\/i0.wp.com\/hecate-energie-magie.com\/wp-content\/uploads\/2024\/09\/cropped-LOGO-HECATE.png?fit=500%2C500&ssl=1","width":500,"height":500,"caption":"H\u00e9cate Energie et Magie"},"image":{"@id":"https:\/\/hecate-energie-magie.com\/#\/schema\/logo\/image\/"},"sameAs":["https:\/\/www.facebook.com\/profile.php?id=61557502523365"]}]}},"jetpack_sharing_enabled":true,"_links":{"self":[{"href":"https:\/\/hecate-energie-magie.com\/index.php\/wp-json\/wp\/v2\/product\/1859","targetHints":{"allow":["GET"]}}],"collection":[{"href":"https:\/\/hecate-energie-magie.com\/index.php\/wp-json\/wp\/v2\/product"}],"about":[{"href":"https:\/\/hecate-energie-magie.com\/index.php\/wp-json\/wp\/v2\/types\/product"}],"replies":[{"embeddable":true,"href":"https:\/\/hecate-energie-magie.com\/index.php\/wp-json\/wp\/v2\/comments?post=1859"}],"wp:featuredmedia":[{"embeddable":true,"href":"https:\/\/hecate-energie-magie.com\/index.php\/wp-json\/wp\/v2\/media\/1861"}],"wp:attachment":[{"href":"https:\/\/hecate-energie-magie.com\/index.php\/wp-json\/wp\/v2\/media?parent=1859"}],"wp:term":[{"taxonomy":"product_brand","embeddable":true,"href":"https:\/\/hecate-energie-magie.com\/index.php\/wp-json\/wp\/v2\/product_brand?post=1859"},{"taxonomy":"product_cat","embeddable":true,"href":"https:\/\/hecate-energie-magie.com\/index.php\/wp-json\/wp\/v2\/product_cat?post=1859"},{"taxonomy":"product_tag","embeddable":true,"href":"https:\/\/hecate-energie-magie.com\/index.php\/wp-json\/wp\/v2\/product_tag?post=1859"}],"curies":[{"name":"wp","href":"https:\/\/api.w.org\/{rel}","templated":true}]}}