{"id":2097,"date":"2026-02-24T12:18:51","date_gmt":"2026-02-24T11:18:51","guid":{"rendered":"https:\/\/hecate-energie-magie.com\/?post_type=product&#038;p=2097"},"modified":"2026-02-24T15:10:36","modified_gmt":"2026-02-24T14:10:36","slug":"pendule-amethyste-grave-arbre-de-vie","status":"publish","type":"product","link":"https:\/\/hecate-energie-magie.com\/index.php\/produit\/pendule-amethyste-grave-arbre-de-vie\/","title":{"rendered":"Pendule Am\u00e9thyste grav\u00e9 Arbre de vie"},"content":{"rendered":"<h1 style=\"text-align: center;\"><span style=\"font-size: 35px;\"><strong>Les Pendules<\/strong><\/span><\/h1>\n<p style=\"text-align: center;\"><span style=\"font-size: 30px;\"><strong>\u00a0<\/strong><span style=\"font-family: Carattere;\">Le <strong><a href=\"https:\/\/hecate-energie-magie.com\/index.php\/produit\/pendule-labradorite-grave-fleur-de-vie\/\">Pendule<\/a><\/strong> n\u2019est qu\u2019un outil,\u00a0il ne poss\u00e8de rien de magique, et cet outil est \u00e0 la port\u00e9e de tout le monde.<\/span><\/span><\/p>\n<p style=\"text-align: center;\"><span style=\"font-size: 30px; font-family: Carattere;\">Ecoutez votre intuition car votre pendule est unique et personnel. Utilisez votre instinct pour vous guider.<\/span><\/p>\n<p style=\"text-align: center;\"><span style=\"font-size: 30px; font-family: Carattere;\"><strong>\u00a0<\/strong>Les pendules fonctionnent en se connectant \u00e0 des impulsions \u00e9lectriques cr\u00e9\u00e9es par notre subconscient et les vibrations de notre corps (c\u2019est pour cela qu\u2019<strong><u>un pendule ne se pr\u00eate pas)<\/u><\/strong> , ainsi que par les \u00e9nergies invisibles \u00e9mises par les objets.<\/span><\/p>\n<p style=\"text-align: center;\"><span style=\"font-size: 30px; font-family: Carattere;\">En recevant ces stimulations \u00e9lectriques, inconscientes et imperceptibles, le pendule se mets \u00e0 osciller.<\/span><\/p>\n<p style=\"text-align: center;\"><span style=\"font-size: 30px; font-family: Carattere;\"><strong>\u00a0<\/strong>Un pendule peut \u00eatre \u00e9metteur (il \u00e9met de l&rsquo;\u00e9nergie), ou r\u00e9cepteur (il capte et amplifie votre \u00e9nergie) en fonction de la mati\u00e8re dans laquelle il est fabriqu\u00e9.<\/span><\/p>\n<p style=\"text-align: center;\"><span style=\"font-size: 30px; font-family: Carattere;\">Les pendules en pierres naturelles sont de tr\u00e8s bons \u00e9metteurs, qui ont en plus leurs propres vertus selon\u00a0la pierre dont il est constitu\u00e9.\u00a0<\/span><\/p>\n<p style=\"text-align: center;\"><span style=\"font-size: 30px; font-family: Carattere;\">Ils sont efficaces pour la gu\u00e9rison.<\/span><\/p>\n<p style=\"text-align: left;\"><span style=\"font-family: Carattere;\"><em><span style=\"font-size: 30px;\"><strong>Important :<\/strong><\/span><\/em><\/span><\/p>\n<p style=\"text-align: left;\"><span style=\"font-family: Carattere;\"><em><span style=\"font-size: 30px;\">La pierre accumule beaucoup d\u2019\u00e9nergie et ses \u00e9nergies peuvent \u00eatre n\u00e9gative, il faudra donc \u00eatre vigilant et le nettoyer \u00e9nerg\u00e9tiquement avec de l\u2019eau, par la <a href=\"https:\/\/hecate-energie-magie.com\/index.php\/produit\/palo-santo\/\"><strong>fumigation<\/strong><\/a> ou \u00e0 la pleine lune.<\/span><\/em><\/span><\/p>\n<p style=\"text-align: left;\"><span style=\"font-family: Carattere;\"><em><span style=\"font-size: 30px;\">Un pendule l\u00e9ger est facile \u00e0 utiliser mais il est tr\u00e8s sensible, il sera donc plut\u00f4t utilis\u00e9 en int\u00e9rieur.\u00a0<\/span><\/em><\/span><\/p>\n","protected":false},"excerpt":{"rendered":"<h1 style=\"text-align: left;\"><span style=\"font-size: 35px;\"><strong>Pendule Am\u00e9thyste grav\u00e9\u00a0 Arbre de vie<\/strong><\/span><\/h1>\n<p><span style=\"font-family: Carattere;\"><span style=\"font-size: 30px;\">Vertus de la L&rsquo;Am\u00e9thyste : Pierre apaisante, elle favorise l&rsquo;\u00e9veil spirituel, purifiante pour les lieux et les objets<\/span><span style=\"font-size: 30px;\">.<\/span><\/span><\/p>\n<p><span style=\"font-family: Carattere; font-size: 30px;\">Vendu avec chainette et boule de 6mm.<\/span><\/p>\n<p><span style=\"font-family: Carattere; font-size: 30px;\">Hauteur du pendule environ 4 cm.<\/span><\/p>\n","protected":false},"featured_media":2098,"comment_status":"open","ping_status":"closed","template":"","meta":[],"product_brand":[],"product_cat":[25],"product_tag":[35,118,63,64],"class_list":{"0":"post-2097","1":"product","2":"type-product","3":"status-publish","4":"has-post-thumbnail","6":"product_cat-pendules","7":"product_tag-amethyste","8":"product_tag-arbre-de-vie","9":"product_tag-pendule","10":"product_tag-pierres-naturelles","12":"first","13":"instock","14":"shipping-taxable","15":"purchasable","16":"product-type-simple"},"yoast_head":"<!-- This site is optimized with the Yoast SEO plugin v27.3 - https:\/\/yoast.com\/product\/yoast-seo-wordpress\/ -->\n<title>Pendule Am\u00e9thyste grav\u00e9 Arbre de vie - H\u00e9cate Energie et Magie<\/title>\n<meta name=\"description\" content=\"Pendule Am\u00e9thyste grav\u00e9 Arbre de vie, les pendules en pierres naturelles sont de tr\u00e8s bons \u00e9metteurs, qui ont en plus leurs propres vertus selon\u00a0la pierre dont il est constitu\u00e9.\u00a0\" \/>\n<meta name=\"robots\" content=\"index, follow, max-snippet:-1, max-image-preview:large, max-video-preview:-1\" \/>\n<link rel=\"canonical\" href=\"https:\/\/hecate-energie-magie.com\/index.php\/produit\/pendule-amethyste-grave-arbre-de-vie\/\" \/>\n<meta property=\"og:locale\" content=\"fr_FR\" \/>\n<meta property=\"og:type\" content=\"article\" \/>\n<meta property=\"og:title\" content=\"Pendule Am\u00e9thyste grav\u00e9 Arbre de vie - H\u00e9cate Energie et Magie\" \/>\n<meta property=\"og:description\" content=\"Pendule Am\u00e9thyste grav\u00e9 Arbre de vie, les pendules en pierres naturelles sont de tr\u00e8s bons \u00e9metteurs, qui ont en plus leurs propres vertus selon\u00a0la pierre dont il est constitu\u00e9.\u00a0\" \/>\n<meta property=\"og:url\" content=\"https:\/\/hecate-energie-magie.com\/index.php\/produit\/pendule-amethyste-grave-arbre-de-vie\/\" \/>\n<meta property=\"og:site_name\" content=\"H\u00e9cate Energie et Magie\" \/>\n<meta property=\"article:publisher\" content=\"https:\/\/www.facebook.com\/profile.php?id=61557502523365\" \/>\n<meta property=\"article:modified_time\" content=\"2026-02-24T14:10:36+00:00\" \/>\n<meta property=\"og:image\" content=\"https:\/\/hecate-energie-magie.com\/wp-content\/uploads\/2026\/02\/1771762550429-scaled.jpg\" \/>\n\t<meta property=\"og:image:width\" content=\"2560\" \/>\n\t<meta property=\"og:image:height\" content=\"1967\" \/>\n\t<meta property=\"og:image:type\" content=\"image\/jpeg\" \/>\n<meta name=\"twitter:card\" content=\"summary_large_image\" \/>\n<meta name=\"twitter:label1\" content=\"Dur\u00e9e de lecture estim\u00e9e\" \/>\n\t<meta name=\"twitter:data1\" content=\"2 minutes\" \/>\n<script type=\"application\/ld+json\" class=\"yoast-schema-graph\">{\"@context\":\"https:\\\/\\\/schema.org\",\"@graph\":[{\"@type\":\"WebPage\",\"@id\":\"https:\\\/\\\/hecate-energie-magie.com\\\/index.php\\\/produit\\\/pendule-amethyste-grave-arbre-de-vie\\\/\",\"url\":\"https:\\\/\\\/hecate-energie-magie.com\\\/index.php\\\/produit\\\/pendule-amethyste-grave-arbre-de-vie\\\/\",\"name\":\"Pendule Am\u00e9thyste grav\u00e9 Arbre de vie - H\u00e9cate Energie et Magie\",\"isPartOf\":{\"@id\":\"https:\\\/\\\/hecate-energie-magie.com\\\/#website\"},\"primaryImageOfPage\":{\"@id\":\"https:\\\/\\\/hecate-energie-magie.com\\\/index.php\\\/produit\\\/pendule-amethyste-grave-arbre-de-vie\\\/#primaryimage\"},\"image\":{\"@id\":\"https:\\\/\\\/hecate-energie-magie.com\\\/index.php\\\/produit\\\/pendule-amethyste-grave-arbre-de-vie\\\/#primaryimage\"},\"thumbnailUrl\":\"https:\\\/\\\/i0.wp.com\\\/hecate-energie-magie.com\\\/wp-content\\\/uploads\\\/2026\\\/02\\\/1771762550429-scaled.jpg?fit=2560%2C1967&ssl=1\",\"datePublished\":\"2026-02-24T11:18:51+00:00\",\"dateModified\":\"2026-02-24T14:10:36+00:00\",\"description\":\"Pendule Am\u00e9thyste grav\u00e9 Arbre de vie, les pendules en pierres naturelles sont de tr\u00e8s bons \u00e9metteurs, qui ont en plus leurs propres vertus selon\u00a0la pierre dont il est constitu\u00e9.\u00a0\",\"breadcrumb\":{\"@id\":\"https:\\\/\\\/hecate-energie-magie.com\\\/index.php\\\/produit\\\/pendule-amethyste-grave-arbre-de-vie\\\/#breadcrumb\"},\"inLanguage\":\"fr-FR\",\"potentialAction\":[{\"@type\":\"ReadAction\",\"target\":[\"https:\\\/\\\/hecate-energie-magie.com\\\/index.php\\\/produit\\\/pendule-amethyste-grave-arbre-de-vie\\\/\"]}]},{\"@type\":\"ImageObject\",\"inLanguage\":\"fr-FR\",\"@id\":\"https:\\\/\\\/hecate-energie-magie.com\\\/index.php\\\/produit\\\/pendule-amethyste-grave-arbre-de-vie\\\/#primaryimage\",\"url\":\"https:\\\/\\\/i0.wp.com\\\/hecate-energie-magie.com\\\/wp-content\\\/uploads\\\/2026\\\/02\\\/1771762550429-scaled.jpg?fit=2560%2C1967&ssl=1\",\"contentUrl\":\"https:\\\/\\\/i0.wp.com\\\/hecate-energie-magie.com\\\/wp-content\\\/uploads\\\/2026\\\/02\\\/1771762550429-scaled.jpg?fit=2560%2C1967&ssl=1\",\"width\":2560,\"height\":1967,\"caption\":\"Pendule Am\u00e9thyste grav\u00e9 Arbre de vie\"},{\"@type\":\"BreadcrumbList\",\"@id\":\"https:\\\/\\\/hecate-energie-magie.com\\\/index.php\\\/produit\\\/pendule-amethyste-grave-arbre-de-vie\\\/#breadcrumb\",\"itemListElement\":[{\"@type\":\"ListItem\",\"position\":1,\"name\":\"Accueil\",\"item\":\"https:\\\/\\\/hecate-energie-magie.com\\\/\"},{\"@type\":\"ListItem\",\"position\":2,\"name\":\"Boutique\",\"item\":\"https:\\\/\\\/hecate-energie-magie.com\\\/index.php\\\/boutique\\\/\"},{\"@type\":\"ListItem\",\"position\":3,\"name\":\"Pendule Am\u00e9thyste grav\u00e9 Arbre de vie\"}]},{\"@type\":\"WebSite\",\"@id\":\"https:\\\/\\\/hecate-energie-magie.com\\\/#website\",\"url\":\"https:\\\/\\\/hecate-energie-magie.com\\\/\",\"name\":\"H\u00e9cate Energie et Magie\",\"description\":\"H\u00e9cate Energie et Magie\",\"publisher\":{\"@id\":\"https:\\\/\\\/hecate-energie-magie.com\\\/#organization\"},\"potentialAction\":[{\"@type\":\"SearchAction\",\"target\":{\"@type\":\"EntryPoint\",\"urlTemplate\":\"https:\\\/\\\/hecate-energie-magie.com\\\/?s={search_term_string}\"},\"query-input\":{\"@type\":\"PropertyValueSpecification\",\"valueRequired\":true,\"valueName\":\"search_term_string\"}}],\"inLanguage\":\"fr-FR\"},{\"@type\":\"Organization\",\"@id\":\"https:\\\/\\\/hecate-energie-magie.com\\\/#organization\",\"name\":\"H\u00e9cate Energie et Magie\",\"url\":\"https:\\\/\\\/hecate-energie-magie.com\\\/\",\"logo\":{\"@type\":\"ImageObject\",\"inLanguage\":\"fr-FR\",\"@id\":\"https:\\\/\\\/hecate-energie-magie.com\\\/#\\\/schema\\\/logo\\\/image\\\/\",\"url\":\"https:\\\/\\\/i0.wp.com\\\/hecate-energie-magie.com\\\/wp-content\\\/uploads\\\/2024\\\/09\\\/cropped-LOGO-HECATE.png?fit=500%2C500&ssl=1\",\"contentUrl\":\"https:\\\/\\\/i0.wp.com\\\/hecate-energie-magie.com\\\/wp-content\\\/uploads\\\/2024\\\/09\\\/cropped-LOGO-HECATE.png?fit=500%2C500&ssl=1\",\"width\":500,\"height\":500,\"caption\":\"H\u00e9cate Energie et Magie\"},\"image\":{\"@id\":\"https:\\\/\\\/hecate-energie-magie.com\\\/#\\\/schema\\\/logo\\\/image\\\/\"},\"sameAs\":[\"https:\\\/\\\/www.facebook.com\\\/profile.php?id=61557502523365\"]}]}<\/script>\n<!-- \/ Yoast SEO plugin. -->","yoast_head_json":{"title":"Pendule Am\u00e9thyste grav\u00e9 Arbre de vie - H\u00e9cate Energie et Magie","description":"Pendule Am\u00e9thyste grav\u00e9 Arbre de vie, les pendules en pierres naturelles sont de tr\u00e8s bons \u00e9metteurs, qui ont en plus leurs propres vertus selon\u00a0la pierre dont il est constitu\u00e9.\u00a0","robots":{"index":"index","follow":"follow","max-snippet":"max-snippet:-1","max-image-preview":"max-image-preview:large","max-video-preview":"max-video-preview:-1"},"canonical":"https:\/\/hecate-energie-magie.com\/index.php\/produit\/pendule-amethyste-grave-arbre-de-vie\/","og_locale":"fr_FR","og_type":"article","og_title":"Pendule Am\u00e9thyste grav\u00e9 Arbre de vie - H\u00e9cate Energie et Magie","og_description":"Pendule Am\u00e9thyste grav\u00e9 Arbre de vie, les pendules en pierres naturelles sont de tr\u00e8s bons \u00e9metteurs, qui ont en plus leurs propres vertus selon\u00a0la pierre dont il est constitu\u00e9.\u00a0","og_url":"https:\/\/hecate-energie-magie.com\/index.php\/produit\/pendule-amethyste-grave-arbre-de-vie\/","og_site_name":"H\u00e9cate Energie et Magie","article_publisher":"https:\/\/www.facebook.com\/profile.php?id=61557502523365","article_modified_time":"2026-02-24T14:10:36+00:00","og_image":[{"width":2560,"height":1967,"url":"https:\/\/hecate-energie-magie.com\/wp-content\/uploads\/2026\/02\/1771762550429-scaled.jpg","type":"image\/jpeg"}],"twitter_card":"summary_large_image","twitter_misc":{"Dur\u00e9e de lecture estim\u00e9e":"2 minutes"},"schema":{"@context":"https:\/\/schema.org","@graph":[{"@type":"WebPage","@id":"https:\/\/hecate-energie-magie.com\/index.php\/produit\/pendule-amethyste-grave-arbre-de-vie\/","url":"https:\/\/hecate-energie-magie.com\/index.php\/produit\/pendule-amethyste-grave-arbre-de-vie\/","name":"Pendule Am\u00e9thyste grav\u00e9 Arbre de vie - H\u00e9cate Energie et Magie","isPartOf":{"@id":"https:\/\/hecate-energie-magie.com\/#website"},"primaryImageOfPage":{"@id":"https:\/\/hecate-energie-magie.com\/index.php\/produit\/pendule-amethyste-grave-arbre-de-vie\/#primaryimage"},"image":{"@id":"https:\/\/hecate-energie-magie.com\/index.php\/produit\/pendule-amethyste-grave-arbre-de-vie\/#primaryimage"},"thumbnailUrl":"https:\/\/i0.wp.com\/hecate-energie-magie.com\/wp-content\/uploads\/2026\/02\/1771762550429-scaled.jpg?fit=2560%2C1967&ssl=1","datePublished":"2026-02-24T11:18:51+00:00","dateModified":"2026-02-24T14:10:36+00:00","description":"Pendule Am\u00e9thyste grav\u00e9 Arbre de vie, les pendules en pierres naturelles sont de tr\u00e8s bons \u00e9metteurs, qui ont en plus leurs propres vertus selon\u00a0la pierre dont il est constitu\u00e9.\u00a0","breadcrumb":{"@id":"https:\/\/hecate-energie-magie.com\/index.php\/produit\/pendule-amethyste-grave-arbre-de-vie\/#breadcrumb"},"inLanguage":"fr-FR","potentialAction":[{"@type":"ReadAction","target":["https:\/\/hecate-energie-magie.com\/index.php\/produit\/pendule-amethyste-grave-arbre-de-vie\/"]}]},{"@type":"ImageObject","inLanguage":"fr-FR","@id":"https:\/\/hecate-energie-magie.com\/index.php\/produit\/pendule-amethyste-grave-arbre-de-vie\/#primaryimage","url":"https:\/\/i0.wp.com\/hecate-energie-magie.com\/wp-content\/uploads\/2026\/02\/1771762550429-scaled.jpg?fit=2560%2C1967&ssl=1","contentUrl":"https:\/\/i0.wp.com\/hecate-energie-magie.com\/wp-content\/uploads\/2026\/02\/1771762550429-scaled.jpg?fit=2560%2C1967&ssl=1","width":2560,"height":1967,"caption":"Pendule Am\u00e9thyste grav\u00e9 Arbre de vie"},{"@type":"BreadcrumbList","@id":"https:\/\/hecate-energie-magie.com\/index.php\/produit\/pendule-amethyste-grave-arbre-de-vie\/#breadcrumb","itemListElement":[{"@type":"ListItem","position":1,"name":"Accueil","item":"https:\/\/hecate-energie-magie.com\/"},{"@type":"ListItem","position":2,"name":"Boutique","item":"https:\/\/hecate-energie-magie.com\/index.php\/boutique\/"},{"@type":"ListItem","position":3,"name":"Pendule Am\u00e9thyste grav\u00e9 Arbre de vie"}]},{"@type":"WebSite","@id":"https:\/\/hecate-energie-magie.com\/#website","url":"https:\/\/hecate-energie-magie.com\/","name":"H\u00e9cate Energie et Magie","description":"H\u00e9cate Energie et Magie","publisher":{"@id":"https:\/\/hecate-energie-magie.com\/#organization"},"potentialAction":[{"@type":"SearchAction","target":{"@type":"EntryPoint","urlTemplate":"https:\/\/hecate-energie-magie.com\/?s={search_term_string}"},"query-input":{"@type":"PropertyValueSpecification","valueRequired":true,"valueName":"search_term_string"}}],"inLanguage":"fr-FR"},{"@type":"Organization","@id":"https:\/\/hecate-energie-magie.com\/#organization","name":"H\u00e9cate Energie et Magie","url":"https:\/\/hecate-energie-magie.com\/","logo":{"@type":"ImageObject","inLanguage":"fr-FR","@id":"https:\/\/hecate-energie-magie.com\/#\/schema\/logo\/image\/","url":"https:\/\/i0.wp.com\/hecate-energie-magie.com\/wp-content\/uploads\/2024\/09\/cropped-LOGO-HECATE.png?fit=500%2C500&ssl=1","contentUrl":"https:\/\/i0.wp.com\/hecate-energie-magie.com\/wp-content\/uploads\/2024\/09\/cropped-LOGO-HECATE.png?fit=500%2C500&ssl=1","width":500,"height":500,"caption":"H\u00e9cate Energie et Magie"},"image":{"@id":"https:\/\/hecate-energie-magie.com\/#\/schema\/logo\/image\/"},"sameAs":["https:\/\/www.facebook.com\/profile.php?id=61557502523365"]}]}},"jetpack_sharing_enabled":true,"_links":{"self":[{"href":"https:\/\/hecate-energie-magie.com\/index.php\/wp-json\/wp\/v2\/product\/2097","targetHints":{"allow":["GET"]}}],"collection":[{"href":"https:\/\/hecate-energie-magie.com\/index.php\/wp-json\/wp\/v2\/product"}],"about":[{"href":"https:\/\/hecate-energie-magie.com\/index.php\/wp-json\/wp\/v2\/types\/product"}],"replies":[{"embeddable":true,"href":"https:\/\/hecate-energie-magie.com\/index.php\/wp-json\/wp\/v2\/comments?post=2097"}],"wp:featuredmedia":[{"embeddable":true,"href":"https:\/\/hecate-energie-magie.com\/index.php\/wp-json\/wp\/v2\/media\/2098"}],"wp:attachment":[{"href":"https:\/\/hecate-energie-magie.com\/index.php\/wp-json\/wp\/v2\/media?parent=2097"}],"wp:term":[{"taxonomy":"product_brand","embeddable":true,"href":"https:\/\/hecate-energie-magie.com\/index.php\/wp-json\/wp\/v2\/product_brand?post=2097"},{"taxonomy":"product_cat","embeddable":true,"href":"https:\/\/hecate-energie-magie.com\/index.php\/wp-json\/wp\/v2\/product_cat?post=2097"},{"taxonomy":"product_tag","embeddable":true,"href":"https:\/\/hecate-energie-magie.com\/index.php\/wp-json\/wp\/v2\/product_tag?post=2097"}],"curies":[{"name":"wp","href":"https:\/\/api.w.org\/{rel}","templated":true}]}}