{"id":942,"date":"2024-09-13T11:58:30","date_gmt":"2024-09-13T09:58:30","guid":{"rendered":"https:\/\/hecate-energie-magie.com\/?post_type=product&#038;p=942"},"modified":"2026-02-24T16:05:45","modified_gmt":"2026-02-24T15:05:45","slug":"pendule-conique-oeil-de-tigre","status":"publish","type":"product","link":"https:\/\/hecate-energie-magie.com\/index.php\/produit\/pendule-conique-oeil-de-tigre\/","title":{"rendered":"Pendule conique \u0152il de Tigre"},"content":{"rendered":"<h1 style=\"text-align: center;\"><span style=\"font-family: Carattere; font-size: 35px;\"><strong>Les Pendules<\/strong><\/span><\/h1>\n<p style=\"text-align: center;\"><span style=\"font-family: Carattere; font-size: 30px;\"><strong>\u00a0<\/strong>Le <strong>Pendule<\/strong> n\u2019est qu\u2019un outil,\u00a0il ne poss\u00e8de rien de magique, et cet outil est \u00e0 la port\u00e9e de tout le monde. <\/span><\/p>\n<p style=\"text-align: center;\"><span style=\"font-family: Carattere; font-size: 30px;\">Ecoutez votre intuition car votre pendule est unique et personnel. Utilisez votre instinct pour vous guider.<\/span><\/p>\n<p style=\"text-align: center;\"><span style=\"font-family: Carattere; font-size: 30px;\"><strong>\u00a0<\/strong>Les pendules fonctionnent en se connectant \u00e0<\/span><span style=\"font-family: Carattere; font-size: 30px;\"> des impulsions \u00e9lectriques cr\u00e9\u00e9es par notre subconscient et les vibrations de notre corps (c\u2019est pour cela qu\u2019<strong><u>un pendule ne se pr\u00eate pas)<\/u><\/strong><\/span><span style=\"font-family: Carattere; font-size: 30px;\"> , ainsi que par les \u00e9nergies invisibles \u00e9mises par les objets.<\/span><\/p>\n<p style=\"text-align: center;\"><span style=\"font-family: Carattere; font-size: 30px;\">En recevant ces stimulations \u00e9lectriques, inconscientes et imperceptibles, le pendule se mets \u00e0 osciller.<\/span><\/p>\n<p style=\"text-align: center;\"><span style=\"font-family: Carattere; font-size: 30px;\"><strong>\u00a0<\/strong>Un pendule peut \u00eatre \u00e9metteur (il \u00e9met de l&rsquo;\u00e9nergie), ou r\u00e9cepteur (il capte et amplifie votre \u00e9nergie) en fonction de la mati\u00e8re dans laquelle il est fabriqu\u00e9.<\/span><\/p>\n<p style=\"text-align: center;\"><span style=\"font-family: Carattere; font-size: 30px;\">Les pendules en pierres naturelles sont de tr\u00e8s bons \u00e9metteurs, qui ont en plus leurs propres vertus selon<span style=\"font-family: Carattere;\">\u00a0la pierre dont il est constitu\u00e9.<\/span>\u00a0<\/span><\/p>\n<p style=\"text-align: center;\"><span style=\"font-family: Carattere; font-size: 30px;\">Ils sont efficaces pour la gu\u00e9rison.<\/span><\/p>\n<p>&nbsp;<\/p>\n<p><strong><em><span style=\"font-size: 27px;\">Important :<\/span><\/em><\/strong><\/p>\n<p style=\"text-align: left;\"><span style=\"font-size: 27px;\"><em><span style=\"font-family: Carattere;\">La pierre accumule beaucoup d\u2019\u00e9nergie et ses \u00e9nergies peuvent \u00eatre n\u00e9gative, il faudra donc \u00eatre vigilant et le nettoyer \u00e9nerg\u00e9tiquement avec de l\u2019eau, par la <a href=\"https:\/\/hecate-energie-magie.com\/index.php\/produit\/palo-santo\/\"><strong>fumigation<\/strong><\/a> ou \u00e0 la pleine lune.<\/span><\/em><\/span><\/p>\n<p style=\"text-align: left;\"><span style=\"font-size: 27px;\"><em><u><\/u><span style=\"font-family: Carattere;\">Un pendule l\u00e9ger est facile \u00e0 utiliser mais il est tr\u00e8s sensible, il sera donc plut\u00f4t utilis\u00e9 en int\u00e9rieur.\u00a0<\/span><\/em><\/span><\/p>\n","protected":false},"excerpt":{"rendered":"<p><strong><span style=\"font-family: Carattere; font-size: 30px;\">Pendule conique \u0152il de Tigre.<\/span><\/strong><\/p>\n<p><span style=\"font-size: 30px; font-family: Carattere;\">L&rsquo;<strong>\u0152il de Tigre<\/strong> a des vertus d&rsquo;ancrage et de forts pouvoirs de protection.<\/span><\/p>\n<p><span style=\"font-family: Carattere; font-size: 30px;\">Pendule environ 3,5 cm, vendu avec chainette de 20 cm et boule de 6mm.<\/span><\/p>\n","protected":false},"featured_media":2077,"comment_status":"open","ping_status":"closed","template":"","meta":[],"product_brand":[],"product_cat":[25],"product_tag":[66,63,64],"class_list":{"0":"post-942","1":"product","2":"type-product","3":"status-publish","4":"has-post-thumbnail","6":"product_cat-pendules","7":"product_tag-oeil-de-tigre","8":"product_tag-pendule","9":"product_tag-pierres-naturelles","11":"first","12":"instock","13":"shipping-taxable","14":"purchasable","15":"product-type-simple"},"yoast_head":"<!-- This site is optimized with the Yoast SEO plugin v27.3 - https:\/\/yoast.com\/product\/yoast-seo-wordpress\/ -->\n<title>Pendule conique \u0152il de Tigre - H\u00e9cate Energie et Magie<\/title>\n<meta name=\"description\" content=\"Les pendules en pierres naturelles \u00e9mettent de l&#039;\u00e9nergie qui est li\u00e9e \u00e0 la pierre dont il est constitu\u00e9.\u00a0Le pendule n\u2019est qu\u2019un outil,\u00a0il ne poss\u00e8de rien de magique, et cet outil est \u00e0 la port\u00e9e de tout le monde.\" \/>\n<meta name=\"robots\" content=\"index, follow, max-snippet:-1, max-image-preview:large, max-video-preview:-1\" \/>\n<link rel=\"canonical\" href=\"https:\/\/hecate-energie-magie.com\/index.php\/produit\/pendule-conique-oeil-de-tigre\/\" \/>\n<meta property=\"og:locale\" content=\"fr_FR\" \/>\n<meta property=\"og:type\" content=\"article\" \/>\n<meta property=\"og:title\" content=\"Pendule conique \u0152il de Tigre - H\u00e9cate Energie et Magie\" \/>\n<meta property=\"og:description\" content=\"Les pendules en pierres naturelles \u00e9mettent de l&#039;\u00e9nergie qui est li\u00e9e \u00e0 la pierre dont il est constitu\u00e9.\u00a0Le pendule n\u2019est qu\u2019un outil,\u00a0il ne poss\u00e8de rien de magique, et cet outil est \u00e0 la port\u00e9e de tout le monde.\" \/>\n<meta property=\"og:url\" content=\"https:\/\/hecate-energie-magie.com\/index.php\/produit\/pendule-conique-oeil-de-tigre\/\" \/>\n<meta property=\"og:site_name\" content=\"H\u00e9cate Energie et Magie\" \/>\n<meta property=\"article:publisher\" content=\"https:\/\/www.facebook.com\/profile.php?id=61557502523365\" \/>\n<meta property=\"article:modified_time\" content=\"2026-02-24T15:05:45+00:00\" \/>\n<meta property=\"og:image\" content=\"https:\/\/hecate-energie-magie.com\/wp-content\/uploads\/2024\/09\/1771762550954-scaled.jpg\" \/>\n\t<meta property=\"og:image:width\" content=\"2560\" \/>\n\t<meta property=\"og:image:height\" content=\"2034\" \/>\n\t<meta property=\"og:image:type\" content=\"image\/jpeg\" \/>\n<meta name=\"twitter:card\" content=\"summary_large_image\" \/>\n<meta name=\"twitter:label1\" content=\"Dur\u00e9e de lecture estim\u00e9e\" \/>\n\t<meta name=\"twitter:data1\" content=\"2 minutes\" \/>\n<script type=\"application\/ld+json\" class=\"yoast-schema-graph\">{\"@context\":\"https:\\\/\\\/schema.org\",\"@graph\":[{\"@type\":\"WebPage\",\"@id\":\"https:\\\/\\\/hecate-energie-magie.com\\\/index.php\\\/produit\\\/pendule-conique-oeil-de-tigre\\\/\",\"url\":\"https:\\\/\\\/hecate-energie-magie.com\\\/index.php\\\/produit\\\/pendule-conique-oeil-de-tigre\\\/\",\"name\":\"Pendule conique \u0152il de Tigre - H\u00e9cate Energie et Magie\",\"isPartOf\":{\"@id\":\"https:\\\/\\\/hecate-energie-magie.com\\\/#website\"},\"primaryImageOfPage\":{\"@id\":\"https:\\\/\\\/hecate-energie-magie.com\\\/index.php\\\/produit\\\/pendule-conique-oeil-de-tigre\\\/#primaryimage\"},\"image\":{\"@id\":\"https:\\\/\\\/hecate-energie-magie.com\\\/index.php\\\/produit\\\/pendule-conique-oeil-de-tigre\\\/#primaryimage\"},\"thumbnailUrl\":\"https:\\\/\\\/i0.wp.com\\\/hecate-energie-magie.com\\\/wp-content\\\/uploads\\\/2024\\\/09\\\/1771762550954-scaled.jpg?fit=2560%2C2034&ssl=1\",\"datePublished\":\"2024-09-13T09:58:30+00:00\",\"dateModified\":\"2026-02-24T15:05:45+00:00\",\"description\":\"Les pendules en pierres naturelles \u00e9mettent de l'\u00e9nergie qui est li\u00e9e \u00e0 la pierre dont il est constitu\u00e9.\u00a0Le pendule n\u2019est qu\u2019un outil,\u00a0il ne poss\u00e8de rien de magique, et cet outil est \u00e0 la port\u00e9e de tout le monde.\",\"breadcrumb\":{\"@id\":\"https:\\\/\\\/hecate-energie-magie.com\\\/index.php\\\/produit\\\/pendule-conique-oeil-de-tigre\\\/#breadcrumb\"},\"inLanguage\":\"fr-FR\",\"potentialAction\":[{\"@type\":\"ReadAction\",\"target\":[\"https:\\\/\\\/hecate-energie-magie.com\\\/index.php\\\/produit\\\/pendule-conique-oeil-de-tigre\\\/\"]}]},{\"@type\":\"ImageObject\",\"inLanguage\":\"fr-FR\",\"@id\":\"https:\\\/\\\/hecate-energie-magie.com\\\/index.php\\\/produit\\\/pendule-conique-oeil-de-tigre\\\/#primaryimage\",\"url\":\"https:\\\/\\\/i0.wp.com\\\/hecate-energie-magie.com\\\/wp-content\\\/uploads\\\/2024\\\/09\\\/1771762550954-scaled.jpg?fit=2560%2C2034&ssl=1\",\"contentUrl\":\"https:\\\/\\\/i0.wp.com\\\/hecate-energie-magie.com\\\/wp-content\\\/uploads\\\/2024\\\/09\\\/1771762550954-scaled.jpg?fit=2560%2C2034&ssl=1\",\"width\":2560,\"height\":2034,\"caption\":\"Pendule conique \u0152il de Tigre\"},{\"@type\":\"BreadcrumbList\",\"@id\":\"https:\\\/\\\/hecate-energie-magie.com\\\/index.php\\\/produit\\\/pendule-conique-oeil-de-tigre\\\/#breadcrumb\",\"itemListElement\":[{\"@type\":\"ListItem\",\"position\":1,\"name\":\"Accueil\",\"item\":\"https:\\\/\\\/hecate-energie-magie.com\\\/\"},{\"@type\":\"ListItem\",\"position\":2,\"name\":\"Boutique\",\"item\":\"https:\\\/\\\/hecate-energie-magie.com\\\/index.php\\\/boutique\\\/\"},{\"@type\":\"ListItem\",\"position\":3,\"name\":\"Pendule conique \u0152il de Tigre\"}]},{\"@type\":\"WebSite\",\"@id\":\"https:\\\/\\\/hecate-energie-magie.com\\\/#website\",\"url\":\"https:\\\/\\\/hecate-energie-magie.com\\\/\",\"name\":\"H\u00e9cate Energie et Magie\",\"description\":\"H\u00e9cate Energie et Magie\",\"publisher\":{\"@id\":\"https:\\\/\\\/hecate-energie-magie.com\\\/#organization\"},\"potentialAction\":[{\"@type\":\"SearchAction\",\"target\":{\"@type\":\"EntryPoint\",\"urlTemplate\":\"https:\\\/\\\/hecate-energie-magie.com\\\/?s={search_term_string}\"},\"query-input\":{\"@type\":\"PropertyValueSpecification\",\"valueRequired\":true,\"valueName\":\"search_term_string\"}}],\"inLanguage\":\"fr-FR\"},{\"@type\":\"Organization\",\"@id\":\"https:\\\/\\\/hecate-energie-magie.com\\\/#organization\",\"name\":\"H\u00e9cate Energie et Magie\",\"url\":\"https:\\\/\\\/hecate-energie-magie.com\\\/\",\"logo\":{\"@type\":\"ImageObject\",\"inLanguage\":\"fr-FR\",\"@id\":\"https:\\\/\\\/hecate-energie-magie.com\\\/#\\\/schema\\\/logo\\\/image\\\/\",\"url\":\"https:\\\/\\\/i0.wp.com\\\/hecate-energie-magie.com\\\/wp-content\\\/uploads\\\/2024\\\/09\\\/cropped-LOGO-HECATE.png?fit=500%2C500&ssl=1\",\"contentUrl\":\"https:\\\/\\\/i0.wp.com\\\/hecate-energie-magie.com\\\/wp-content\\\/uploads\\\/2024\\\/09\\\/cropped-LOGO-HECATE.png?fit=500%2C500&ssl=1\",\"width\":500,\"height\":500,\"caption\":\"H\u00e9cate Energie et Magie\"},\"image\":{\"@id\":\"https:\\\/\\\/hecate-energie-magie.com\\\/#\\\/schema\\\/logo\\\/image\\\/\"},\"sameAs\":[\"https:\\\/\\\/www.facebook.com\\\/profile.php?id=61557502523365\"]}]}<\/script>\n<!-- \/ Yoast SEO plugin. -->","yoast_head_json":{"title":"Pendule conique \u0152il de Tigre - H\u00e9cate Energie et Magie","description":"Les pendules en pierres naturelles \u00e9mettent de l'\u00e9nergie qui est li\u00e9e \u00e0 la pierre dont il est constitu\u00e9.\u00a0Le pendule n\u2019est qu\u2019un outil,\u00a0il ne poss\u00e8de rien de magique, et cet outil est \u00e0 la port\u00e9e de tout le monde.","robots":{"index":"index","follow":"follow","max-snippet":"max-snippet:-1","max-image-preview":"max-image-preview:large","max-video-preview":"max-video-preview:-1"},"canonical":"https:\/\/hecate-energie-magie.com\/index.php\/produit\/pendule-conique-oeil-de-tigre\/","og_locale":"fr_FR","og_type":"article","og_title":"Pendule conique \u0152il de Tigre - H\u00e9cate Energie et Magie","og_description":"Les pendules en pierres naturelles \u00e9mettent de l'\u00e9nergie qui est li\u00e9e \u00e0 la pierre dont il est constitu\u00e9.\u00a0Le pendule n\u2019est qu\u2019un outil,\u00a0il ne poss\u00e8de rien de magique, et cet outil est \u00e0 la port\u00e9e de tout le monde.","og_url":"https:\/\/hecate-energie-magie.com\/index.php\/produit\/pendule-conique-oeil-de-tigre\/","og_site_name":"H\u00e9cate Energie et Magie","article_publisher":"https:\/\/www.facebook.com\/profile.php?id=61557502523365","article_modified_time":"2026-02-24T15:05:45+00:00","og_image":[{"width":2560,"height":2034,"url":"https:\/\/hecate-energie-magie.com\/wp-content\/uploads\/2024\/09\/1771762550954-scaled.jpg","type":"image\/jpeg"}],"twitter_card":"summary_large_image","twitter_misc":{"Dur\u00e9e de lecture estim\u00e9e":"2 minutes"},"schema":{"@context":"https:\/\/schema.org","@graph":[{"@type":"WebPage","@id":"https:\/\/hecate-energie-magie.com\/index.php\/produit\/pendule-conique-oeil-de-tigre\/","url":"https:\/\/hecate-energie-magie.com\/index.php\/produit\/pendule-conique-oeil-de-tigre\/","name":"Pendule conique \u0152il de Tigre - H\u00e9cate Energie et Magie","isPartOf":{"@id":"https:\/\/hecate-energie-magie.com\/#website"},"primaryImageOfPage":{"@id":"https:\/\/hecate-energie-magie.com\/index.php\/produit\/pendule-conique-oeil-de-tigre\/#primaryimage"},"image":{"@id":"https:\/\/hecate-energie-magie.com\/index.php\/produit\/pendule-conique-oeil-de-tigre\/#primaryimage"},"thumbnailUrl":"https:\/\/i0.wp.com\/hecate-energie-magie.com\/wp-content\/uploads\/2024\/09\/1771762550954-scaled.jpg?fit=2560%2C2034&ssl=1","datePublished":"2024-09-13T09:58:30+00:00","dateModified":"2026-02-24T15:05:45+00:00","description":"Les pendules en pierres naturelles \u00e9mettent de l'\u00e9nergie qui est li\u00e9e \u00e0 la pierre dont il est constitu\u00e9.\u00a0Le pendule n\u2019est qu\u2019un outil,\u00a0il ne poss\u00e8de rien de magique, et cet outil est \u00e0 la port\u00e9e de tout le monde.","breadcrumb":{"@id":"https:\/\/hecate-energie-magie.com\/index.php\/produit\/pendule-conique-oeil-de-tigre\/#breadcrumb"},"inLanguage":"fr-FR","potentialAction":[{"@type":"ReadAction","target":["https:\/\/hecate-energie-magie.com\/index.php\/produit\/pendule-conique-oeil-de-tigre\/"]}]},{"@type":"ImageObject","inLanguage":"fr-FR","@id":"https:\/\/hecate-energie-magie.com\/index.php\/produit\/pendule-conique-oeil-de-tigre\/#primaryimage","url":"https:\/\/i0.wp.com\/hecate-energie-magie.com\/wp-content\/uploads\/2024\/09\/1771762550954-scaled.jpg?fit=2560%2C2034&ssl=1","contentUrl":"https:\/\/i0.wp.com\/hecate-energie-magie.com\/wp-content\/uploads\/2024\/09\/1771762550954-scaled.jpg?fit=2560%2C2034&ssl=1","width":2560,"height":2034,"caption":"Pendule conique \u0152il de Tigre"},{"@type":"BreadcrumbList","@id":"https:\/\/hecate-energie-magie.com\/index.php\/produit\/pendule-conique-oeil-de-tigre\/#breadcrumb","itemListElement":[{"@type":"ListItem","position":1,"name":"Accueil","item":"https:\/\/hecate-energie-magie.com\/"},{"@type":"ListItem","position":2,"name":"Boutique","item":"https:\/\/hecate-energie-magie.com\/index.php\/boutique\/"},{"@type":"ListItem","position":3,"name":"Pendule conique \u0152il de Tigre"}]},{"@type":"WebSite","@id":"https:\/\/hecate-energie-magie.com\/#website","url":"https:\/\/hecate-energie-magie.com\/","name":"H\u00e9cate Energie et Magie","description":"H\u00e9cate Energie et Magie","publisher":{"@id":"https:\/\/hecate-energie-magie.com\/#organization"},"potentialAction":[{"@type":"SearchAction","target":{"@type":"EntryPoint","urlTemplate":"https:\/\/hecate-energie-magie.com\/?s={search_term_string}"},"query-input":{"@type":"PropertyValueSpecification","valueRequired":true,"valueName":"search_term_string"}}],"inLanguage":"fr-FR"},{"@type":"Organization","@id":"https:\/\/hecate-energie-magie.com\/#organization","name":"H\u00e9cate Energie et Magie","url":"https:\/\/hecate-energie-magie.com\/","logo":{"@type":"ImageObject","inLanguage":"fr-FR","@id":"https:\/\/hecate-energie-magie.com\/#\/schema\/logo\/image\/","url":"https:\/\/i0.wp.com\/hecate-energie-magie.com\/wp-content\/uploads\/2024\/09\/cropped-LOGO-HECATE.png?fit=500%2C500&ssl=1","contentUrl":"https:\/\/i0.wp.com\/hecate-energie-magie.com\/wp-content\/uploads\/2024\/09\/cropped-LOGO-HECATE.png?fit=500%2C500&ssl=1","width":500,"height":500,"caption":"H\u00e9cate Energie et Magie"},"image":{"@id":"https:\/\/hecate-energie-magie.com\/#\/schema\/logo\/image\/"},"sameAs":["https:\/\/www.facebook.com\/profile.php?id=61557502523365"]}]}},"jetpack_sharing_enabled":true,"_links":{"self":[{"href":"https:\/\/hecate-energie-magie.com\/index.php\/wp-json\/wp\/v2\/product\/942","targetHints":{"allow":["GET"]}}],"collection":[{"href":"https:\/\/hecate-energie-magie.com\/index.php\/wp-json\/wp\/v2\/product"}],"about":[{"href":"https:\/\/hecate-energie-magie.com\/index.php\/wp-json\/wp\/v2\/types\/product"}],"replies":[{"embeddable":true,"href":"https:\/\/hecate-energie-magie.com\/index.php\/wp-json\/wp\/v2\/comments?post=942"}],"wp:featuredmedia":[{"embeddable":true,"href":"https:\/\/hecate-energie-magie.com\/index.php\/wp-json\/wp\/v2\/media\/2077"}],"wp:attachment":[{"href":"https:\/\/hecate-energie-magie.com\/index.php\/wp-json\/wp\/v2\/media?parent=942"}],"wp:term":[{"taxonomy":"product_brand","embeddable":true,"href":"https:\/\/hecate-energie-magie.com\/index.php\/wp-json\/wp\/v2\/product_brand?post=942"},{"taxonomy":"product_cat","embeddable":true,"href":"https:\/\/hecate-energie-magie.com\/index.php\/wp-json\/wp\/v2\/product_cat?post=942"},{"taxonomy":"product_tag","embeddable":true,"href":"https:\/\/hecate-energie-magie.com\/index.php\/wp-json\/wp\/v2\/product_tag?post=942"}],"curies":[{"name":"wp","href":"https:\/\/api.w.org\/{rel}","templated":true}]}}